{"id":8,"date":"2025-10-24T10:51:28","date_gmt":"2025-10-24T10:51:28","guid":{"rendered":"https:\/\/jbarcelona.mkgv1.com.es\/jbarcelonawp\/?page_id=8"},"modified":"2025-11-28T11:13:03","modified_gmt":"2025-11-28T11:13:03","slug":"pagina-de-inicio","status":"publish","type":"page","link":"https:\/\/jbarcelona.mkgv1.com.es\/jbarcelonawp\/","title":{"rendered":"P\u00e1gina de inicio"},"content":{"rendered":"\n<figure class=\"wp-block-gallery has-nested-images columns-default is-cropped wp-block-gallery-1 is-layout-flex wp-block-gallery-is-layout-flex\">\n<figure class=\"wp-block-image size-large\"><img loading=\"lazy\" decoding=\"async\" width=\"616\" height=\"986\" data-id=\"156\" src=\"https:\/\/jbarcelona.mkgv1.com.es\/jbarcelonawp\/wp-content\/uploads\/2025\/11\/Captura-de-pantalla-2025-11-21-a-las-13.16.30.png\" alt=\"\" class=\"wp-image-156\" srcset=\"https:\/\/jbarcelona.mkgv1.com.es\/jbarcelonawp\/wp-content\/uploads\/2025\/11\/Captura-de-pantalla-2025-11-21-a-las-13.16.30.png 616w, https:\/\/jbarcelona.mkgv1.com.es\/jbarcelonawp\/wp-content\/uploads\/2025\/11\/Captura-de-pantalla-2025-11-21-a-las-13.16.30-187x300.png 187w\" sizes=\"auto, (max-width: 616px) 100vw, 616px\" \/><\/figure>\n<\/figure>\n\n\n<nav class=\"is-responsive wp-block-navigation is-layout-flex wp-block-navigation-is-layout-flex\" aria-label=\"Navegaci\u00f3n\" \n\t\t data-wp-interactive=\"core\/navigation\" data-wp-context='{\"overlayOpenedBy\":{\"click\":false,\"hover\":false,\"focus\":false},\"type\":\"overlay\",\"roleAttribute\":\"\",\"ariaLabel\":\"Men\\u00fa\"}'><button aria-haspopup=\"dialog\" aria-label=\"Abrir el men\u00fa\" class=\"wp-block-navigation__responsive-container-open\" \n\t\t\t\tdata-wp-on--click=\"actions.openMenuOnClick\"\n\t\t\t\tdata-wp-on--keydown=\"actions.handleMenuKeydown\"\n\t\t\t><svg width=\"24\" height=\"24\" xmlns=\"http:\/\/www.w3.org\/2000\/svg\" viewBox=\"0 0 24 24\" aria-hidden=\"true\" focusable=\"false\"><path d=\"M4 7.5h16v1.5H4z\"><\/path><path d=\"M4 15h16v1.5H4z\"><\/path><\/svg><\/button>\n\t\t\t\t<div class=\"wp-block-navigation__responsive-container\"  id=\"modal-2\" \n\t\t\t\tdata-wp-class--has-modal-open=\"state.isMenuOpen\"\n\t\t\t\tdata-wp-class--is-menu-open=\"state.isMenuOpen\"\n\t\t\t\tdata-wp-watch=\"callbacks.initMenu\"\n\t\t\t\tdata-wp-on--keydown=\"actions.handleMenuKeydown\"\n\t\t\t\tdata-wp-on--focusout=\"actions.handleMenuFocusout\"\n\t\t\t\ttabindex=\"-1\"\n\t\t\t>\n\t\t\t\t\t<div class=\"wp-block-navigation__responsive-close\" tabindex=\"-1\">\n\t\t\t\t\t\t<div class=\"wp-block-navigation__responsive-dialog\" \n\t\t\t\tdata-wp-bind--aria-modal=\"state.ariaModal\"\n\t\t\t\tdata-wp-bind--aria-label=\"state.ariaLabel\"\n\t\t\t\tdata-wp-bind--role=\"state.roleAttribute\"\n\t\t\t>\n\t\t\t\t\t\t\t<button aria-label=\"Cerrar el men\u00fa\" class=\"wp-block-navigation__responsive-container-close\" \n\t\t\t\tdata-wp-on--click=\"actions.closeMenuOnClick\"\n\t\t\t><svg xmlns=\"http:\/\/www.w3.org\/2000\/svg\" viewBox=\"0 0 24 24\" width=\"24\" height=\"24\" aria-hidden=\"true\" focusable=\"false\"><path d=\"m13.06 12 6.47-6.47-1.06-1.06L12 10.94 5.53 4.47 4.47 5.53 10.94 12l-6.47 6.47 1.06 1.06L12 13.06l6.47 6.47 1.06-1.06L13.06 12Z\"><\/path><\/svg><\/button>\n\t\t\t\t\t\t\t<div class=\"wp-block-navigation__responsive-container-content\" \n\t\t\t\tdata-wp-watch=\"callbacks.focusFirstElement\"\n\t\t\t id=\"modal-2-content\">\n\t\t\t\t\t\t\t\t<ul class=\"wp-block-navigation__container is-responsive wp-block-navigation\"><ul class=\"wp-block-page-list\"><li class=\"wp-block-pages-list__item wp-block-navigation-item open-on-hover-click\"><a class=\"wp-block-pages-list__item__link wp-block-navigation-item__content\" href=\"https:\/\/jbarcelona.mkgv1.com.es\/jbarcelonawp\/?page_id=9\">Acerca de<\/a><\/li><li class=\"wp-block-pages-list__item wp-block-navigation-item open-on-hover-click\"><a class=\"wp-block-pages-list__item__link wp-block-navigation-item__content\" href=\"https:\/\/jbarcelona.mkgv1.com.es\/jbarcelonawp\/?page_id=43\">Art\u00edulos<\/a><\/li><li class=\"wp-block-pages-list__item wp-block-navigation-item open-on-hover-click\"><a class=\"wp-block-pages-list__item__link wp-block-navigation-item__content\" href=\"https:\/\/jbarcelona.mkgv1.com.es\/jbarcelonawp\/?page_id=39\">Consejos<\/a><\/li><li class=\"wp-block-pages-list__item wp-block-navigation-item open-on-hover-click\"><a class=\"wp-block-pages-list__item__link wp-block-navigation-item__content\" href=\"https:\/\/jbarcelona.mkgv1.com.es\/jbarcelonawp\/?page_id=10\">Contacto<\/a><\/li><li class=\"wp-block-pages-list__item wp-block-navigation-item open-on-hover-click\"><a class=\"wp-block-pages-list__item__link wp-block-navigation-item__content\" href=\"https:\/\/jbarcelona.mkgv1.com.es\/jbarcelonawp\/?page_id=33\">Destinos<\/a><\/li><li class=\"wp-block-pages-list__item wp-block-navigation-item open-on-hover-click\"><a class=\"wp-block-pages-list__item__link wp-block-navigation-item__content\" href=\"https:\/\/jbarcelona.mkgv1.com.es\/jbarcelonawp\/?page_id=35\">Gastronom\u00eda<\/a><\/li><li class=\"wp-block-pages-list__item wp-block-navigation-item open-on-hover-click\"><a class=\"wp-block-pages-list__item__link wp-block-navigation-item__content\" href=\"https:\/\/jbarcelona.mkgv1.com.es\/jbarcelonawp\/?page_id=64\">Hoteles<\/a><\/li><li class=\"wp-block-pages-list__item wp-block-navigation-item open-on-hover-click menu-item-home\"><a class=\"wp-block-pages-list__item__link wp-block-navigation-item__content\" href=\"https:\/\/jbarcelona.mkgv1.com.es\/jbarcelonawp\/\">P\u00e1gina de inicio<\/a><\/li><li class=\"wp-block-pages-list__item wp-block-navigation-item open-on-hover-click\"><a class=\"wp-block-pages-list__item__link wp-block-navigation-item__content\" href=\"https:\/\/jbarcelona.mkgv1.com.es\/jbarcelonawp\/?page_id=37\">Rutas<\/a><\/li><li class=\"wp-block-pages-list__item wp-block-navigation-item open-on-hover-click\"><a class=\"wp-block-pages-list__item__link wp-block-navigation-item__content\" href=\"https:\/\/jbarcelona.mkgv1.com.es\/jbarcelonawp\/?page_id=2\">Sample Page<\/a><\/li><li class=\"wp-block-pages-list__item wp-block-navigation-item open-on-hover-click\"><a class=\"wp-block-pages-list__item__link wp-block-navigation-item__content\" href=\"https:\/\/jbarcelona.mkgv1.com.es\/jbarcelonawp\/?page_id=62\">Vuelos<\/a><\/li><\/ul><\/ul>\n\t\t\t\t\t\t\t<\/div>\n\t\t\t\t\t\t<\/div>\n\t\t\t\t\t<\/div>\n\t\t\t\t<\/div><\/nav>\n\n\n<div class=\"wp-block-group has-global-padding is-layout-constrained wp-block-group-is-layout-constrained\">\n<div style=\"height:57px\" aria-hidden=\"true\" class=\"wp-block-spacer\"><\/div>\n\n\n\n<h2 class=\"wp-block-heading has-text-align-center has-medium-font-size\" style=\"letter-spacing:1px\">DESCUBRE LUGARES QUE TE HAR\u00c1N QUERER PREPARAR LA MALETA<\/h2>\n\n\n\n<p class=\"has-text-align-center\">Cada destino tiene algo especial: una historia, un sabor, una forma distinta de ver la vida. Aqu\u00ed encontrar\u00e1s inspiraci\u00f3n para tu pr\u00f3xima aventura.<\/p>\n\n\n\n<div style=\"height:57px\" aria-hidden=\"true\" class=\"wp-block-spacer\"><\/div>\n<\/div>\n\n\n\n<div class=\"wp-block-group alignfull has-global-padding is-layout-constrained wp-block-group-is-layout-constrained\">\n<div class=\"wp-block-group has-global-padding is-layout-constrained wp-block-group-is-layout-constrained\" style=\"padding-top:var(--wp--preset--spacing--small);padding-bottom:var(--wp--preset--spacing--small)\">\n<div style=\"height:30px\" aria-hidden=\"true\" class=\"wp-block-spacer\"><\/div>\n\n\n\n<div class=\"wp-block-columns is-layout-flex wp-container-core-columns-is-layout-c375d253 wp-block-columns-is-layout-flex\">\n<div class=\"wp-block-column is-vertically-aligned-center is-layout-flow wp-block-column-is-layout-flow\">\n<h2 class=\"wp-block-heading has-medium-font-size\" style=\"text-transform:uppercase\">SOBRE NOSOTROS<\/h2>\n\n\n\n<p>Rutas por el mundo empez\u00f3 como una idea sencilla: recopilar lugares que nos hab\u00edan sorprendido cuando hab\u00edamos ido de viaje y compartirlos con quien tambi\u00e9n disfrute de viajar. No buscamos recaudar dinero de ninguna forma, simplemente nos gusta descubrir sitios nuevos y contaros en los que ya hemos visitado.<\/p>\n\n\n\n<p>A veces es una comida que no esperabas, otras una calle curiosa o una costumbre que te hace pensar. Eso es lo que intentamos transmitir aqu\u00ed. <\/p>\n\n\n\n<p>Este proyecto lo hacemos con calma y con gusto, intentando que cada persona que llegue a la p\u00e1gina encuentre algo \u00fatil y comparta sus experiencias con nosotros.<\/p>\n\n\n\n<p>Nuestro objetivo es ese: que quien nos lea salga con ganas de viajar, aunque sea cerca de casa.<\/p>\n\n\n\n<p>Gracias por pasarte por aqu\u00ed y por acompa\u00f1arnos en este camino.<\/p>\n<\/div>\n\n\n\n<div class=\"wp-block-column is-layout-flow wp-block-column-is-layout-flow\">\n<figure class=\"wp-block-image size-full\"><img loading=\"lazy\" decoding=\"async\" width=\"566\" height=\"812\" src=\"https:\/\/jbarcelona.mkgv1.com.es\/jbarcelonawp\/wp-content\/uploads\/2025\/11\/Captura-de-pantalla-2025-11-21-a-las-13.11.48.png\" alt=\"\" class=\"wp-image-154\" srcset=\"https:\/\/jbarcelona.mkgv1.com.es\/jbarcelonawp\/wp-content\/uploads\/2025\/11\/Captura-de-pantalla-2025-11-21-a-las-13.11.48.png 566w, https:\/\/jbarcelona.mkgv1.com.es\/jbarcelonawp\/wp-content\/uploads\/2025\/11\/Captura-de-pantalla-2025-11-21-a-las-13.11.48-209x300.png 209w\" sizes=\"auto, (max-width: 566px) 100vw, 566px\" \/><\/figure>\n<\/div>\n<\/div>\n<\/div>\n<\/div>\n\n\n\n<div id=\"news\" class=\"wp-block-group has-global-padding is-layout-constrained wp-block-group-is-layout-constrained\">\n<p class=\"has-text-align-left has-secondary-color has-text-color\"><\/p>\n\n\n\n<h2 class=\"wp-block-heading has-text-align-left\">Ultimas noticias<\/h2>\n\n\n\n<div style=\"height:33px\" aria-hidden=\"true\" class=\"wp-block-spacer\"><\/div>\n\n\n\n<div class=\"wp-block-query is-layout-flow wp-block-query-is-layout-flow\"><ul class=\"columns-3 wp-block-post-template is-layout-grid wp-container-core-post-template-is-layout-6aac66c0 wp-block-post-template-is-layout-grid\"><li class=\"wp-block-post post-131 post type-post status-publish format-standard has-post-thumbnail hentry category-uncategorized\">\n<figure style=\"width:100%;height:240px; margin-bottom:var(--wp--preset--spacing--x-small);\" class=\"wp-block-post-featured-image\"><a href=\"https:\/\/jbarcelona.mkgv1.com.es\/jbarcelonawp\/?p=131\" target=\"_self\"  style=\"height:240px\"><img loading=\"lazy\" decoding=\"async\" width=\"1130\" height=\"804\" src=\"https:\/\/jbarcelona.mkgv1.com.es\/jbarcelonawp\/wp-content\/uploads\/2025\/11\/Captura-de-pantalla-2025-11-21-a-las-13.23.02.png\" class=\"attachment-post-thumbnail size-post-thumbnail wp-post-image\" alt=\"Descubre el mundo con nosotros\" style=\"border-radius:5px;height:240px;object-fit:cover;\" srcset=\"https:\/\/jbarcelona.mkgv1.com.es\/jbarcelonawp\/wp-content\/uploads\/2025\/11\/Captura-de-pantalla-2025-11-21-a-las-13.23.02.png 1130w, https:\/\/jbarcelona.mkgv1.com.es\/jbarcelonawp\/wp-content\/uploads\/2025\/11\/Captura-de-pantalla-2025-11-21-a-las-13.23.02-300x213.png 300w, https:\/\/jbarcelona.mkgv1.com.es\/jbarcelonawp\/wp-content\/uploads\/2025\/11\/Captura-de-pantalla-2025-11-21-a-las-13.23.02-1024x729.png 1024w\" sizes=\"auto, 100vw\" \/><\/a><\/figure>\n\n<div style=\"margin-top:0;margin-bottom:0;\" class=\"has-link-color wp-elements-a1817b6b9e4eaefd5826fde68b0a8fdb wp-block-post-date has-text-color has-tertiary-color\"><time datetime=\"2025-11-14T12:41:28+00:00\">noviembre 14, 2025<\/time><\/div>\n\n<h3 style=\"margin-top:0;margin-bottom:var(--wp--preset--spacing--x-small);\" class=\"has-link-color wp-elements-2e75b4e4fab489cf445e03eda13279d1 wp-block-post-title\"><a href=\"https:\/\/jbarcelona.mkgv1.com.es\/jbarcelonawp\/?p=131\" target=\"_self\" >Descubre el mundo con nosotros<\/a><\/h3>\n\n<div class=\"has-link-color wp-elements-61eeeb1d6c31f3761cb8bc35b6e1a095 wp-block-post-excerpt has-text-color has-tertiary-color\"><p class=\"wp-block-post-excerpt__excerpt\">Rutas por el Mundo \u2013 Gu\u00eda Completa para Viajeros Viajar siguiendo rutas es una de las mejores formas de descubrir un destino. No se trata solo de llegar a un lugar y verlo: una ruta te permite entender&hellip; <\/p><\/div>\n\n<a style=\"text-transform:uppercase; border-width:2px; padding-right:var(--wp--preset--spacing--x-small);padding-left:var(--wp--preset--spacing--x-small);padding-top:10px;padding-bottom:10px;\" class=\"wp-block-read-more has-text-color has-foreground-color\" href=\"https:\/\/jbarcelona.mkgv1.com.es\/jbarcelonawp\/?p=131\" target=\"_self\">Leer m\u00e1s<span class=\"screen-reader-text\">: Descubre el mundo con nosotros<\/span><\/a>\n<\/li><li class=\"wp-block-post post-122 post type-post status-publish format-standard has-post-thumbnail hentry category-uncategorized\">\n<figure style=\"width:100%;height:240px; margin-bottom:var(--wp--preset--spacing--x-small);\" class=\"wp-block-post-featured-image\"><a href=\"https:\/\/jbarcelona.mkgv1.com.es\/jbarcelonawp\/?p=122\" target=\"_self\"  style=\"height:240px\"><img loading=\"lazy\" decoding=\"async\" width=\"552\" height=\"772\" src=\"https:\/\/jbarcelona.mkgv1.com.es\/jbarcelonawp\/wp-content\/uploads\/2025\/11\/Captura-de-pantalla-2025-11-21-a-las-13.20.16.png\" class=\"attachment-post-thumbnail size-post-thumbnail wp-post-image\" alt=\"La Historia de Ernesto\" style=\"border-radius:5px;height:240px;object-fit:cover;\" srcset=\"https:\/\/jbarcelona.mkgv1.com.es\/jbarcelonawp\/wp-content\/uploads\/2025\/11\/Captura-de-pantalla-2025-11-21-a-las-13.20.16.png 552w, https:\/\/jbarcelona.mkgv1.com.es\/jbarcelonawp\/wp-content\/uploads\/2025\/11\/Captura-de-pantalla-2025-11-21-a-las-13.20.16-215x300.png 215w\" sizes=\"auto, 100vw\" \/><\/a><\/figure>\n\n<div style=\"margin-top:0;margin-bottom:0;\" class=\"has-link-color wp-elements-a1817b6b9e4eaefd5826fde68b0a8fdb wp-block-post-date has-text-color has-tertiary-color\"><time datetime=\"2025-11-12T09:10:46+00:00\">noviembre 12, 2025<\/time><\/div>\n\n<h3 style=\"margin-top:0;margin-bottom:var(--wp--preset--spacing--x-small);\" class=\"has-link-color wp-elements-2e75b4e4fab489cf445e03eda13279d1 wp-block-post-title\"><a href=\"https:\/\/jbarcelona.mkgv1.com.es\/jbarcelonawp\/?p=122\" target=\"_self\" >La Historia de Ernesto<\/a><\/h3>\n\n<div class=\"has-link-color wp-elements-61eeeb1d6c31f3761cb8bc35b6e1a095 wp-block-post-excerpt has-text-color has-tertiary-color\"><p class=\"wp-block-post-excerpt__excerpt\">A veces el viaje m\u00e1s largo no empieza con una maleta, sino con un clic. As\u00ed conocimos a Ernesto, un hombre de setenta y cuatro a\u00f1os que lleg\u00f3 a nosotros una tarde de invierno. Nos escribi\u00f3 un correo&hellip; <\/p><\/div>\n\n<a style=\"text-transform:uppercase; border-width:2px; padding-right:var(--wp--preset--spacing--x-small);padding-left:var(--wp--preset--spacing--x-small);padding-top:10px;padding-bottom:10px;\" class=\"wp-block-read-more has-text-color has-foreground-color\" href=\"https:\/\/jbarcelona.mkgv1.com.es\/jbarcelonawp\/?p=122\" target=\"_self\">Leer m\u00e1s<span class=\"screen-reader-text\">: La Historia de Ernesto<\/span><\/a>\n<\/li><li class=\"wp-block-post post-116 post type-post status-publish format-standard has-post-thumbnail hentry category-uncategorized\">\n<figure style=\"width:100%;height:240px; margin-bottom:var(--wp--preset--spacing--x-small);\" class=\"wp-block-post-featured-image\"><a href=\"https:\/\/jbarcelona.mkgv1.com.es\/jbarcelonawp\/?p=116\" target=\"_self\"  style=\"height:240px\"><img loading=\"lazy\" decoding=\"async\" width=\"751\" height=\"200\" src=\"https:\/\/jbarcelona.mkgv1.com.es\/jbarcelonawp\/wp-content\/uploads\/2025\/11\/Explore-the-World-Your-Way.png\" class=\"attachment-post-thumbnail size-post-thumbnail wp-post-image\" alt=\"Belleza en movimiento: c\u00f3mo cuidar tu piel mientras recorres el mundo Rutas por el Mudo x Aura Skin.\" style=\"border-radius:5px;height:240px;object-fit:cover;\" srcset=\"https:\/\/jbarcelona.mkgv1.com.es\/jbarcelonawp\/wp-content\/uploads\/2025\/11\/Explore-the-World-Your-Way.png 751w, https:\/\/jbarcelona.mkgv1.com.es\/jbarcelonawp\/wp-content\/uploads\/2025\/11\/Explore-the-World-Your-Way-300x80.png 300w\" sizes=\"auto, 100vw\" \/><\/a><\/figure>\n\n<div style=\"margin-top:0;margin-bottom:0;\" class=\"has-link-color wp-elements-a1817b6b9e4eaefd5826fde68b0a8fdb wp-block-post-date has-text-color has-tertiary-color\"><time datetime=\"2025-11-11T11:30:38+00:00\">noviembre 11, 2025<\/time><\/div>\n\n<h3 style=\"margin-top:0;margin-bottom:var(--wp--preset--spacing--x-small);\" class=\"has-link-color wp-elements-2e75b4e4fab489cf445e03eda13279d1 wp-block-post-title\"><a href=\"https:\/\/jbarcelona.mkgv1.com.es\/jbarcelonawp\/?p=116\" target=\"_self\" >Belleza en movimiento: c\u00f3mo cuidar tu piel mientras recorres el mundo Rutas por el Mudo x Aura Skin.<\/a><\/h3>\n\n<div class=\"has-link-color wp-elements-61eeeb1d6c31f3761cb8bc35b6e1a095 wp-block-post-excerpt has-text-color has-tertiary-color\"><p class=\"wp-block-post-excerpt__excerpt\">Viajar tambi\u00e9n es cuidarse: el nuevo concepto de bienestar en ruta Viajar no es solo desplazarse; es un acto de transformaci\u00f3n. Y en esa transformaci\u00f3n, el bienestar juega un papel esencial.Durante a\u00f1os hemos asociado los viajes con aventura,&hellip; <\/p><\/div>\n\n<a style=\"text-transform:uppercase; border-width:2px; padding-right:var(--wp--preset--spacing--x-small);padding-left:var(--wp--preset--spacing--x-small);padding-top:10px;padding-bottom:10px;\" class=\"wp-block-read-more has-text-color has-foreground-color\" href=\"https:\/\/jbarcelona.mkgv1.com.es\/jbarcelonawp\/?p=116\" target=\"_self\">Leer m\u00e1s<span class=\"screen-reader-text\">: Belleza en movimiento: c\u00f3mo cuidar tu piel mientras recorres el mundo Rutas por el Mudo x Aura Skin.<\/span><\/a>\n<\/li><\/ul>\n\n<\/div>\n\n\n\n<div style=\"height:85px\" aria-hidden=\"true\" class=\"wp-block-spacer\"><\/div>\n<\/div>\n\n\n<ul class=\"wp-block-page-list\"><li class=\"wp-block-pages-list__item\"><a class=\"wp-block-pages-list__item__link\" href=\"https:\/\/jbarcelona.mkgv1.com.es\/jbarcelonawp\/?page_id=9\">Acerca de<\/a><\/li><li class=\"wp-block-pages-list__item\"><a class=\"wp-block-pages-list__item__link\" href=\"https:\/\/jbarcelona.mkgv1.com.es\/jbarcelonawp\/?page_id=43\">Art\u00edulos<\/a><\/li><li class=\"wp-block-pages-list__item\"><a class=\"wp-block-pages-list__item__link\" href=\"https:\/\/jbarcelona.mkgv1.com.es\/jbarcelonawp\/?page_id=39\">Consejos<\/a><\/li><li class=\"wp-block-pages-list__item\"><a class=\"wp-block-pages-list__item__link\" href=\"https:\/\/jbarcelona.mkgv1.com.es\/jbarcelonawp\/?page_id=10\">Contacto<\/a><\/li><li class=\"wp-block-pages-list__item\"><a class=\"wp-block-pages-list__item__link\" href=\"https:\/\/jbarcelona.mkgv1.com.es\/jbarcelonawp\/?page_id=33\">Destinos<\/a><\/li><li class=\"wp-block-pages-list__item\"><a class=\"wp-block-pages-list__item__link\" href=\"https:\/\/jbarcelona.mkgv1.com.es\/jbarcelonawp\/?page_id=35\">Gastronom\u00eda<\/a><\/li><li class=\"wp-block-pages-list__item\"><a class=\"wp-block-pages-list__item__link\" href=\"https:\/\/jbarcelona.mkgv1.com.es\/jbarcelonawp\/?page_id=64\">Hoteles<\/a><\/li><li class=\"wp-block-pages-list__item menu-item-home\"><a class=\"wp-block-pages-list__item__link\" href=\"https:\/\/jbarcelona.mkgv1.com.es\/jbarcelonawp\/\">P\u00e1gina de inicio<\/a><\/li><li class=\"wp-block-pages-list__item\"><a class=\"wp-block-pages-list__item__link\" href=\"https:\/\/jbarcelona.mkgv1.com.es\/jbarcelonawp\/?page_id=37\">Rutas<\/a><\/li><li class=\"wp-block-pages-list__item\"><a class=\"wp-block-pages-list__item__link\" href=\"https:\/\/jbarcelona.mkgv1.com.es\/jbarcelonawp\/?page_id=2\">Sample Page<\/a><\/li><li class=\"wp-block-pages-list__item\"><a class=\"wp-block-pages-list__item__link\" href=\"https:\/\/jbarcelona.mkgv1.com.es\/jbarcelonawp\/?page_id=62\">Vuelos<\/a><\/li><\/ul>\n\n\n<p><\/p>\n\n\n\n<p><\/p>\n","protected":false},"excerpt":{"rendered":"<p>DESCUBRE LUGARES QUE TE HAR\u00c1N QUERER PREPARAR LA MALETA Cada destino tiene algo especial: una historia, un sabor, una forma distinta de ver la vida. Aqu\u00ed encontrar\u00e1s inspiraci\u00f3n para tu pr\u00f3xima aventura. SOBRE NOSOTROS Rutas por el mundo empez\u00f3 como una idea sencilla: recopilar lugares que nos hab\u00edan sorprendido cuando hab\u00edamos ido de viaje y &hellip; <\/p>\n<p class=\"link-more\"><a href=\"https:\/\/jbarcelona.mkgv1.com.es\/jbarcelonawp\/\" class=\"more-link\">Leer m\u00e1s<span class=\"screen-reader-text\"> \u00abP\u00e1gina de inicio\u00bb<\/span><\/a><\/p>\n","protected":false},"author":1,"featured_media":0,"parent":0,"menu_order":0,"comment_status":"closed","ping_status":"closed","template":"page-templates\/homepage-builder-bb.php","meta":{"footnotes":""},"class_list":["post-8","page","type-page","status-publish","hentry"],"_links":{"self":[{"href":"https:\/\/jbarcelona.mkgv1.com.es\/jbarcelonawp\/index.php?rest_route=\/wp\/v2\/pages\/8","targetHints":{"allow":["GET"]}}],"collection":[{"href":"https:\/\/jbarcelona.mkgv1.com.es\/jbarcelonawp\/index.php?rest_route=\/wp\/v2\/pages"}],"about":[{"href":"https:\/\/jbarcelona.mkgv1.com.es\/jbarcelonawp\/index.php?rest_route=\/wp\/v2\/types\/page"}],"author":[{"embeddable":true,"href":"https:\/\/jbarcelona.mkgv1.com.es\/jbarcelonawp\/index.php?rest_route=\/wp\/v2\/users\/1"}],"replies":[{"embeddable":true,"href":"https:\/\/jbarcelona.mkgv1.com.es\/jbarcelonawp\/index.php?rest_route=%2Fwp%2Fv2%2Fcomments&post=8"}],"version-history":[{"count":13,"href":"https:\/\/jbarcelona.mkgv1.com.es\/jbarcelonawp\/index.php?rest_route=\/wp\/v2\/pages\/8\/revisions"}],"predecessor-version":[{"id":174,"href":"https:\/\/jbarcelona.mkgv1.com.es\/jbarcelonawp\/index.php?rest_route=\/wp\/v2\/pages\/8\/revisions\/174"}],"wp:attachment":[{"href":"https:\/\/jbarcelona.mkgv1.com.es\/jbarcelonawp\/index.php?rest_route=%2Fwp%2Fv2%2Fmedia&parent=8"}],"curies":[{"name":"wp","href":"https:\/\/api.w.org\/{rel}","templated":true}]}}