{"id":62,"date":"2025-10-29T09:08:35","date_gmt":"2025-10-29T09:08:35","guid":{"rendered":"https:\/\/jbarcelona.mkgv1.com.es\/jbarcelonawp\/?page_id=62"},"modified":"2025-12-03T09:14:56","modified_gmt":"2025-12-03T09:14:56","slug":"vuelos","status":"publish","type":"page","link":"https:\/\/jbarcelona.mkgv1.com.es\/jbarcelonawp\/?page_id=62","title":{"rendered":"Vuelos"},"content":{"rendered":"\n<p>En este articulo os vamos a adjuntar una serie de vuelos baratos para esta temporada de Noviembre, Diciembre y Enero. Que est\u00e1n muy bien en relaci\u00f3n calidad-precio, para hacer una escapada estas navidades. Os vamos a proponer diferentes propuestas por diferentes pa\u00edses y continentes con vuelos de distintas plataformas de venta de vuelos, ya que lo nuestro es solo un blog informativo.<\/p>\n\n\n\n<p>REINO UNIDO \ud83c\uddec\ud83c\udde7<\/p>\n\n\n\n<figure class=\"wp-block-image size-large is-resized\"><img loading=\"lazy\" decoding=\"async\" width=\"1024\" height=\"640\" src=\"https:\/\/jbarcelona.mkgv1.com.es\/jbarcelonawp\/wp-content\/uploads\/2025\/12\/Captura-de-pantalla-2025-12-03-a-las-9.53.10-1024x640.png\" alt=\"\" class=\"wp-image-197\" style=\"width:618px;height:auto\" srcset=\"https:\/\/jbarcelona.mkgv1.com.es\/jbarcelonawp\/wp-content\/uploads\/2025\/12\/Captura-de-pantalla-2025-12-03-a-las-9.53.10-1024x640.png 1024w, https:\/\/jbarcelona.mkgv1.com.es\/jbarcelonawp\/wp-content\/uploads\/2025\/12\/Captura-de-pantalla-2025-12-03-a-las-9.53.10-300x188.png 300w, https:\/\/jbarcelona.mkgv1.com.es\/jbarcelonawp\/wp-content\/uploads\/2025\/12\/Captura-de-pantalla-2025-12-03-a-las-9.53.10-2000x1250.png 2000w\" sizes=\"auto, (max-width: 1024px) 100vw, 1024px\" \/><\/figure>\n\n\n\n<p>MARRUECOS \ud83c\uddf2\ud83c\udde6<\/p>\n\n\n\n<figure class=\"wp-block-image size-large is-resized\"><img loading=\"lazy\" decoding=\"async\" width=\"1024\" height=\"640\" src=\"https:\/\/jbarcelona.mkgv1.com.es\/jbarcelonawp\/wp-content\/uploads\/2025\/12\/Captura-de-pantalla-2025-12-03-a-las-9.54.15-1024x640.png\" alt=\"\" class=\"wp-image-198\" style=\"width:603px;height:auto\" srcset=\"https:\/\/jbarcelona.mkgv1.com.es\/jbarcelonawp\/wp-content\/uploads\/2025\/12\/Captura-de-pantalla-2025-12-03-a-las-9.54.15-1024x640.png 1024w, https:\/\/jbarcelona.mkgv1.com.es\/jbarcelonawp\/wp-content\/uploads\/2025\/12\/Captura-de-pantalla-2025-12-03-a-las-9.54.15-300x188.png 300w, https:\/\/jbarcelona.mkgv1.com.es\/jbarcelonawp\/wp-content\/uploads\/2025\/12\/Captura-de-pantalla-2025-12-03-a-las-9.54.15-2000x1250.png 2000w\" sizes=\"auto, (max-width: 1024px) 100vw, 1024px\" \/><\/figure>\n\n\n\n<p>ALBANIA \ud83c\udde6\ud83c\uddf1<\/p>\n\n\n\n<figure class=\"wp-block-image size-large is-resized\"><img loading=\"lazy\" decoding=\"async\" width=\"1024\" height=\"640\" src=\"https:\/\/jbarcelona.mkgv1.com.es\/jbarcelonawp\/wp-content\/uploads\/2025\/12\/Captura-de-pantalla-2025-12-03-a-las-9.55.52-1024x640.png\" alt=\"\" class=\"wp-image-199\" style=\"width:595px;height:auto\" srcset=\"https:\/\/jbarcelona.mkgv1.com.es\/jbarcelonawp\/wp-content\/uploads\/2025\/12\/Captura-de-pantalla-2025-12-03-a-las-9.55.52-1024x640.png 1024w, https:\/\/jbarcelona.mkgv1.com.es\/jbarcelonawp\/wp-content\/uploads\/2025\/12\/Captura-de-pantalla-2025-12-03-a-las-9.55.52-300x188.png 300w, https:\/\/jbarcelona.mkgv1.com.es\/jbarcelonawp\/wp-content\/uploads\/2025\/12\/Captura-de-pantalla-2025-12-03-a-las-9.55.52-2000x1250.png 2000w\" sizes=\"auto, (max-width: 1024px) 100vw, 1024px\" \/><\/figure>\n\n\n\n<p>EGIPTO \ud83c\uddea\ud83c\uddec<\/p>\n\n\n\n<figure class=\"wp-block-image size-large is-resized\"><img loading=\"lazy\" decoding=\"async\" width=\"1024\" height=\"640\" src=\"https:\/\/jbarcelona.mkgv1.com.es\/jbarcelonawp\/wp-content\/uploads\/2025\/12\/Captura-de-pantalla-2025-12-03-a-las-9.57.47-1024x640.png\" alt=\"\" class=\"wp-image-200\" style=\"width:598px;height:auto\" srcset=\"https:\/\/jbarcelona.mkgv1.com.es\/jbarcelonawp\/wp-content\/uploads\/2025\/12\/Captura-de-pantalla-2025-12-03-a-las-9.57.47-1024x640.png 1024w, https:\/\/jbarcelona.mkgv1.com.es\/jbarcelonawp\/wp-content\/uploads\/2025\/12\/Captura-de-pantalla-2025-12-03-a-las-9.57.47-300x188.png 300w, https:\/\/jbarcelona.mkgv1.com.es\/jbarcelonawp\/wp-content\/uploads\/2025\/12\/Captura-de-pantalla-2025-12-03-a-las-9.57.47-2000x1250.png 2000w\" sizes=\"auto, (max-width: 1024px) 100vw, 1024px\" \/><\/figure>\n\n\n\n<p>ARABIA SAUD\u00cd \ud83c\uddf8\ud83c\udde6<\/p>\n\n\n\n<figure class=\"wp-block-image size-large is-resized\"><img loading=\"lazy\" decoding=\"async\" width=\"1024\" height=\"640\" src=\"https:\/\/jbarcelona.mkgv1.com.es\/jbarcelonawp\/wp-content\/uploads\/2025\/12\/Captura-de-pantalla-2025-12-03-a-las-9.59.06-1024x640.png\" alt=\"\" class=\"wp-image-201\" style=\"width:597px;height:auto\" srcset=\"https:\/\/jbarcelona.mkgv1.com.es\/jbarcelonawp\/wp-content\/uploads\/2025\/12\/Captura-de-pantalla-2025-12-03-a-las-9.59.06-1024x640.png 1024w, https:\/\/jbarcelona.mkgv1.com.es\/jbarcelonawp\/wp-content\/uploads\/2025\/12\/Captura-de-pantalla-2025-12-03-a-las-9.59.06-300x188.png 300w, https:\/\/jbarcelona.mkgv1.com.es\/jbarcelonawp\/wp-content\/uploads\/2025\/12\/Captura-de-pantalla-2025-12-03-a-las-9.59.06-2000x1250.png 2000w\" sizes=\"auto, (max-width: 1024px) 100vw, 1024px\" \/><\/figure>\n\n\n\n<p>EMIRATOS ARABES \ud83c\udde6\ud83c\uddea<\/p>\n\n\n\n<figure class=\"wp-block-image size-large is-resized\"><img loading=\"lazy\" decoding=\"async\" width=\"1024\" height=\"640\" src=\"https:\/\/jbarcelona.mkgv1.com.es\/jbarcelonawp\/wp-content\/uploads\/2025\/12\/Captura-de-pantalla-2025-12-03-a-las-10.03.52-1024x640.png\" alt=\"\" class=\"wp-image-202\" style=\"width:602px;height:auto\" srcset=\"https:\/\/jbarcelona.mkgv1.com.es\/jbarcelonawp\/wp-content\/uploads\/2025\/12\/Captura-de-pantalla-2025-12-03-a-las-10.03.52-1024x640.png 1024w, https:\/\/jbarcelona.mkgv1.com.es\/jbarcelonawp\/wp-content\/uploads\/2025\/12\/Captura-de-pantalla-2025-12-03-a-las-10.03.52-300x188.png 300w, https:\/\/jbarcelona.mkgv1.com.es\/jbarcelonawp\/wp-content\/uploads\/2025\/12\/Captura-de-pantalla-2025-12-03-a-las-10.03.52-2000x1250.png 2000w\" sizes=\"auto, (max-width: 1024px) 100vw, 1024px\" \/><\/figure>\n\n\n\n<p>ESTADOS UNIDOS \ud83c\uddfa\ud83c\uddf8<\/p>\n\n\n\n<figure class=\"wp-block-image size-large is-resized\"><img loading=\"lazy\" decoding=\"async\" width=\"1024\" height=\"640\" src=\"https:\/\/jbarcelona.mkgv1.com.es\/jbarcelonawp\/wp-content\/uploads\/2025\/12\/Captura-de-pantalla-2025-12-03-a-las-10.04.53-1024x640.png\" alt=\"\" class=\"wp-image-203\" style=\"width:606px;height:auto\" srcset=\"https:\/\/jbarcelona.mkgv1.com.es\/jbarcelonawp\/wp-content\/uploads\/2025\/12\/Captura-de-pantalla-2025-12-03-a-las-10.04.53-1024x640.png 1024w, https:\/\/jbarcelona.mkgv1.com.es\/jbarcelonawp\/wp-content\/uploads\/2025\/12\/Captura-de-pantalla-2025-12-03-a-las-10.04.53-300x188.png 300w, https:\/\/jbarcelona.mkgv1.com.es\/jbarcelonawp\/wp-content\/uploads\/2025\/12\/Captura-de-pantalla-2025-12-03-a-las-10.04.53-2000x1250.png 2000w\" sizes=\"auto, (max-width: 1024px) 100vw, 1024px\" \/><\/figure>\n\n\n\n<p>TAILANDIA \ud83c\uddf9\ud83c\udded<\/p>\n\n\n\n<figure class=\"wp-block-image size-large is-resized\"><img loading=\"lazy\" decoding=\"async\" width=\"1024\" height=\"640\" src=\"https:\/\/jbarcelona.mkgv1.com.es\/jbarcelonawp\/wp-content\/uploads\/2025\/12\/Captura-de-pantalla-2025-12-03-a-las-10.05.54-1024x640.png\" alt=\"\" class=\"wp-image-205\" style=\"width:605px;height:auto\" srcset=\"https:\/\/jbarcelona.mkgv1.com.es\/jbarcelonawp\/wp-content\/uploads\/2025\/12\/Captura-de-pantalla-2025-12-03-a-las-10.05.54-1024x640.png 1024w, https:\/\/jbarcelona.mkgv1.com.es\/jbarcelonawp\/wp-content\/uploads\/2025\/12\/Captura-de-pantalla-2025-12-03-a-las-10.05.54-300x188.png 300w, https:\/\/jbarcelona.mkgv1.com.es\/jbarcelonawp\/wp-content\/uploads\/2025\/12\/Captura-de-pantalla-2025-12-03-a-las-10.05.54-2000x1250.png 2000w\" sizes=\"auto, (max-width: 1024px) 100vw, 1024px\" \/><\/figure>\n\n\n\n<p>MALASIA \ud83c\uddf2\ud83c\uddfe<\/p>\n\n\n\n<figure class=\"wp-block-image size-large is-resized\"><img loading=\"lazy\" decoding=\"async\" width=\"1024\" height=\"640\" src=\"https:\/\/jbarcelona.mkgv1.com.es\/jbarcelonawp\/wp-content\/uploads\/2025\/12\/Captura-de-pantalla-2025-12-03-a-las-10.06.26-1024x640.png\" alt=\"\" class=\"wp-image-206\" style=\"width:602px;height:auto\" srcset=\"https:\/\/jbarcelona.mkgv1.com.es\/jbarcelonawp\/wp-content\/uploads\/2025\/12\/Captura-de-pantalla-2025-12-03-a-las-10.06.26-1024x640.png 1024w, https:\/\/jbarcelona.mkgv1.com.es\/jbarcelonawp\/wp-content\/uploads\/2025\/12\/Captura-de-pantalla-2025-12-03-a-las-10.06.26-300x188.png 300w, https:\/\/jbarcelona.mkgv1.com.es\/jbarcelonawp\/wp-content\/uploads\/2025\/12\/Captura-de-pantalla-2025-12-03-a-las-10.06.26-2000x1250.png 2000w\" sizes=\"auto, (max-width: 1024px) 100vw, 1024px\" \/><\/figure>\n\n\n\n<p>COLOMBIA \ud83c\udde8\ud83c\uddf4<\/p>\n\n\n\n<figure class=\"wp-block-image size-large is-resized\"><img loading=\"lazy\" decoding=\"async\" width=\"1024\" height=\"640\" src=\"https:\/\/jbarcelona.mkgv1.com.es\/jbarcelonawp\/wp-content\/uploads\/2025\/12\/Captura-de-pantalla-2025-12-03-a-las-10.09.48-1024x640.png\" alt=\"\" class=\"wp-image-207\" style=\"width:600px;height:auto\" srcset=\"https:\/\/jbarcelona.mkgv1.com.es\/jbarcelonawp\/wp-content\/uploads\/2025\/12\/Captura-de-pantalla-2025-12-03-a-las-10.09.48-1024x640.png 1024w, https:\/\/jbarcelona.mkgv1.com.es\/jbarcelonawp\/wp-content\/uploads\/2025\/12\/Captura-de-pantalla-2025-12-03-a-las-10.09.48-300x188.png 300w, https:\/\/jbarcelona.mkgv1.com.es\/jbarcelonawp\/wp-content\/uploads\/2025\/12\/Captura-de-pantalla-2025-12-03-a-las-10.09.48-2000x1250.png 2000w\" sizes=\"auto, (max-width: 1024px) 100vw, 1024px\" \/><\/figure>\n\n\n\n<p>PANAMA \ud83c\uddf5\ud83c\udde6<\/p>\n\n\n\n<figure class=\"wp-block-image size-large is-resized\"><img loading=\"lazy\" decoding=\"async\" width=\"1024\" height=\"640\" src=\"https:\/\/jbarcelona.mkgv1.com.es\/jbarcelonawp\/wp-content\/uploads\/2025\/12\/Captura-de-pantalla-2025-12-03-a-las-10.10.35-1024x640.png\" alt=\"\" class=\"wp-image-208\" style=\"width:606px;height:auto\" srcset=\"https:\/\/jbarcelona.mkgv1.com.es\/jbarcelonawp\/wp-content\/uploads\/2025\/12\/Captura-de-pantalla-2025-12-03-a-las-10.10.35-1024x640.png 1024w, https:\/\/jbarcelona.mkgv1.com.es\/jbarcelonawp\/wp-content\/uploads\/2025\/12\/Captura-de-pantalla-2025-12-03-a-las-10.10.35-300x188.png 300w, https:\/\/jbarcelona.mkgv1.com.es\/jbarcelonawp\/wp-content\/uploads\/2025\/12\/Captura-de-pantalla-2025-12-03-a-las-10.10.35-2000x1250.png 2000w\" sizes=\"auto, (max-width: 1024px) 100vw, 1024px\" \/><\/figure>\n\n\n\n<p>Y con esta serie de propuestas y precios, clasificados de menor precio a mayor precio para escoger el viaje y ruta que mas os guste finalizamos este art\u00edculo. Ojal\u00e1 os hayamos podido ayudar a encontrar vuestra ruta perfecta. <\/p>\n\n\n\n<p>OS DESEAMOS UN FELIZ VIAJE Y OS REGAMOS UNA RESE\u00d1A DE COMO RUTAS POR EL MUNDO OS HA AYUDADO A PLANIFICAR VUESTRO VIAJE.<\/p>\n\n\n\n<p><\/p>\n","protected":false},"excerpt":{"rendered":"<p>En este articulo os vamos a adjuntar una serie de vuelos baratos para esta temporada de Noviembre, Diciembre y Enero. Que est\u00e1n muy bien en relaci\u00f3n calidad-precio, para hacer una escapada estas navidades. Os vamos a proponer diferentes propuestas por diferentes pa\u00edses y continentes con vuelos de distintas plataformas de venta de vuelos, ya que &hellip; <\/p>\n<p class=\"link-more\"><a href=\"https:\/\/jbarcelona.mkgv1.com.es\/jbarcelonawp\/?page_id=62\" class=\"more-link\">Leer m\u00e1s<span class=\"screen-reader-text\"> \u00abVuelos\u00bb<\/span><\/a><\/p>\n","protected":false},"author":1,"featured_media":0,"parent":0,"menu_order":0,"comment_status":"closed","ping_status":"closed","template":"","meta":{"footnotes":""},"class_list":["post-62","page","type-page","status-publish","hentry"],"_links":{"self":[{"href":"https:\/\/jbarcelona.mkgv1.com.es\/jbarcelonawp\/index.php?rest_route=\/wp\/v2\/pages\/62","targetHints":{"allow":["GET"]}}],"collection":[{"href":"https:\/\/jbarcelona.mkgv1.com.es\/jbarcelonawp\/index.php?rest_route=\/wp\/v2\/pages"}],"about":[{"href":"https:\/\/jbarcelona.mkgv1.com.es\/jbarcelonawp\/index.php?rest_route=\/wp\/v2\/types\/page"}],"author":[{"embeddable":true,"href":"https:\/\/jbarcelona.mkgv1.com.es\/jbarcelonawp\/index.php?rest_route=\/wp\/v2\/users\/1"}],"replies":[{"embeddable":true,"href":"https:\/\/jbarcelona.mkgv1.com.es\/jbarcelonawp\/index.php?rest_route=%2Fwp%2Fv2%2Fcomments&post=62"}],"version-history":[{"count":3,"href":"https:\/\/jbarcelona.mkgv1.com.es\/jbarcelonawp\/index.php?rest_route=\/wp\/v2\/pages\/62\/revisions"}],"predecessor-version":[{"id":209,"href":"https:\/\/jbarcelona.mkgv1.com.es\/jbarcelonawp\/index.php?rest_route=\/wp\/v2\/pages\/62\/revisions\/209"}],"wp:attachment":[{"href":"https:\/\/jbarcelona.mkgv1.com.es\/jbarcelonawp\/index.php?rest_route=%2Fwp%2Fv2%2Fmedia&parent=62"}],"curies":[{"name":"wp","href":"https:\/\/api.w.org\/{rel}","templated":true}]}}